{"id":1081,"date":"2022-01-28T13:42:07","date_gmt":"2022-01-28T13:42:07","guid":{"rendered":"http:\/\/team-aura.org\/?page_id=1081"},"modified":"2022-04-22T14:51:56","modified_gmt":"2022-04-22T14:51:56","slug":"cycle-de-conference-2","status":"publish","type":"page","link":"https:\/\/team-aura.org\/?page_id=1081","title":{"rendered":"Conference cycle"},"content":{"rendered":"<div class=\"pixcode  pixcode--grid  grid  \">\n\n<div class=\"grid__item lap-four-twelfths\">\n\n<p><span class=\"entry-date\"><time class=\"published\" datetime=\"2021-10-21T09:41:12+00:00\">16 D\u00e9cembre 2021<\/time><\/span><\/p>\n<h4>Le logement collectif en territoire de station<\/h4>\n<address>Carine Bonnot &#8211; Architecte et enseignante \u00e0 l&#8217;ENSAG\u00a0 \u00a0 \u00a0<\/address>\n\n<\/div>\n\n<div class=\"grid__item lap-four-twelfths\">\n\n<p><span class=\"entry-date\"><time class=\"published\" datetime=\"2021-10-21T09:41:12+00:00\">26 Janvier 2022<\/time><\/span><\/p>\n<h4><a href=\"https:\/\/youtu.be\/UBCXf070mlQ\">Habiter le changement &#8211; temoignage de bellastock<\/a><\/h4>\n<address>C\u00e9cile Marzorati &#8211; Architecte et charg\u00e9e de projet chez Bellastock\u00a0<\/address>\n\n<\/div>\n\n<div class=\"grid__item lap-four-twelfths\">\n\n<p><span class=\"entry-date\"><time class=\"published\" datetime=\"2021-10-21T09:41:12+00:00\">16 F\u00e9vrier 2022<\/time><\/span><\/p>\n<h4><a href=\"https:\/\/www.youtube.com\/watch?v=0BaGFH2B1yo&amp;t=933s\">La Participation habitante<\/a><\/h4>\n<address>Marie Fl\u00e9cheux &#8211; Architecte et doctorante au laboratoire CRAterre\u00a0<\/address>\n\n<\/div>\n\n\n<\/div>\n\n<div class=\"pixcode  pixcode--grid  grid  \">\n\n<div class=\"grid__item lap-four-twelfths\">\n\n<p><span class=\"entry-date\"><time class=\"published\" datetime=\"2021-10-21T09:41:12+00:00\">23 mars 2022<\/time><\/span><\/p>\n<h3><a href=\"https:\/\/www.youtube.com\/watch?v=WFGhDBhFvhs\">l&#8217;anthropoc\u00e8nE &#8211; transmission,Architecture et transdisciplinarit\u00e9<\/a><\/h3>\n<address>J\u00e9r\u00e9my Cheval &amp; Val\u00e9rie Disdier &#8211; Architecte chercheur &amp; Urbaniste historienne de l\u2019art &#8211; \u00c9cole Urbaine de Lyon<\/address>\n\n<\/div>\n\n<div class=\"grid__item lap-four-twelfths\">\n\n<p><span class=\"entry-date\"><time class=\"published\" datetime=\"2021-10-21T09:41:12+00:00\">02 mai 2022<\/time><\/span><\/p>\n<h4>Agathe &amp; Sophie, un territoire r\u00e9silient<\/h4>\n<address>Projet pr\u00e9sent\u00e9 par la team AuRA pour le SDE21\/22<\/address>\n\n<\/div>\n\n<div class=\"grid__item lap-four-twelfths\">\n\n<p>&nbsp;<\/p>\n\n<\/div>\n\n\n<\/div>\n\n","protected":false},"excerpt":{"rendered":"","protected":false},"author":1,"featured_media":0,"parent":0,"menu_order":4,"comment_status":"closed","ping_status":"closed","template":"","meta":{"footnotes":""},"class_list":["post-1081","page","type-page","status-publish","hentry"],"_links":{"self":[{"href":"https:\/\/team-aura.org\/index.php?rest_route=\/wp\/v2\/pages\/1081","targetHints":{"allow":["GET"]}}],"collection":[{"href":"https:\/\/team-aura.org\/index.php?rest_route=\/wp\/v2\/pages"}],"about":[{"href":"https:\/\/team-aura.org\/index.php?rest_route=\/wp\/v2\/types\/page"}],"author":[{"embeddable":true,"href":"https:\/\/team-aura.org\/index.php?rest_route=\/wp\/v2\/users\/1"}],"replies":[{"embeddable":true,"href":"https:\/\/team-aura.org\/index.php?rest_route=%2Fwp%2Fv2%2Fcomments&post=1081"}],"version-history":[{"count":9,"href":"https:\/\/team-aura.org\/index.php?rest_route=\/wp\/v2\/pages\/1081\/revisions"}],"predecessor-version":[{"id":1432,"href":"https:\/\/team-aura.org\/index.php?rest_route=\/wp\/v2\/pages\/1081\/revisions\/1432"}],"wp:attachment":[{"href":"https:\/\/team-aura.org\/index.php?rest_route=%2Fwp%2Fv2%2Fmedia&parent=1081"}],"curies":[{"name":"wp","href":"https:\/\/api.w.org\/{rel}","templated":true}]}}